 divided by h.
38
Calculate the remainder when 305 is divided by (105/(-6))/((-6)/3 - (-95)/50).
130
What is the remainder when (1 + 3)*10947/356 is divided by 5?
3
Suppose -c = 3874*k - 3871*k - 219, -2*c + 98 = k. Let f(a) = a**2 - a + 130. What is the remainder when f(0) is divided by k?
62
Let m = -673 - -643. Let r(z) = 2*z + 240. What is the remainder when r(m) is divided by 47?
39
Let t(w) be the third derivative of w**5/20 - w**3 + w**2 + 31. Let k = -20 - -29. Calculate the remainder when t(4) is divided by k.
6
Suppose 5*y = -t + 103, -116*y = -112*y. What is the remainder when 501 is divided by t?
89
Let n(c) = 15*c**2 - 2*c - 1. Calculate the remainder when n(2) is divided by ((-55)/385)/(3/(-399)).
17
Let m = -2067 + 2078. What is the remainder when 1648 is divided by m?
9
Suppose 4 - 1 = 3*b. Suppose -12 = -2*o - 3*i, -2*o + 2 + 0 = -2*i. Calculate the remainder when 304/(-19)*(b - 2) is divided by o.
1
Let r(s) be the first derivative of 21*s - 1/4*s**4 - 11 + 0*s**2 - 6*s**3. What is the remainder when 146 is divided by r(-18)?
20
Suppose 165*f = -198*f - 311*f + 140866. Let z = -13 - -47. What is the remainder when f is divided by z?
5
Let z = 11299 - 11166. What is the remainder when 782 is divided by z?
117
Let x = -45493 + 49762. Calculate the remainder when x is divided by 25.
19
What is the remainder when 5487 is divided by ((-1220)/(-30))/((-12)/(-54))?
180
Let a = -1784 - -1813. Calculate the remainder when a is divided by 9.
2
Suppose -10*h + 428 - 68 = 0. What is the remainder when 599 is divided by h?
23
Let d(c) = -8*c**3 - c**2 + 335*c + 1332. Calculate the remainder when 1005 is divided by d(-4).
29
Suppose 4*g - 5*v - 88 = 0, 0*g = 3*g - 5*v - 61. Let n be 32/(-2) + (-66 - -62). What is the remainder when 17 is divided by (g/(-45))/(2/n)?
5
Let a be ((-2)/3)/(1/(-276)). Let p = -93 + a. What is the remainder when 362 is divided by p?
89
Let r be 2/(-28)*-2756 - 2/(-14). Let d = r - 178. What is the remainder when 149 is divided by d?
16
Suppose 0 = -2*k - p - 1 + 29, 5*k = -2*p + 68. Let v(g) = g**2 - 17*g - 95. Let h be v(-5). What is the remainder when (65/h - 4)*96 is divided by k?
8
Suppose 5*b - 3*t = 3231, 3*t - 2255 + 302 = -3*b. Let p = -545 + b. What is the remainder when p is divided by 35?
33
Let j(l) = 54*l + 206. What is the remainder when j(3) is divided by 26?
4
Suppose 3*u + 11 = -4, 0 = 5*i + 3*u - 125. Let f(t) = t**3 - 18*t**2 + 67*t - 2. What is the remainder when i is divided by f(5)?
4
Suppose -80*q + 45*q + 651 = 161. Calculate the remainder when 199 is divided by q.
3
Let i = 58 + 9. Calculate the remainder when 6320/32 - (-6)/(-12) is divided by i.
63
Let o(y) be the first derivative of 59*y - 18*y + y**2 + 33 + 8. Calculate the remainder when 43 is divided by o(-9).
20
Suppose 6 = -2*k, -4*l = -2*k - 97 - 141. What is the remainder when l is divided by 13 + -11 + (-1 - -21 - (-1 - 7))?
28
Suppose 0*v = 12*v + 63*v - 127650. What is the remainder when 3419 is divided by v?
15
Let f(l) = -491*l + 136. What is the remainder when f(-8) is divided by 49?
46
Let a be ((-4 - -2) + 38)*2/6. Suppose -3 = -11*l + a*l. Calculate the remainder when 45 - (-4 - l) - 12/(-4) is divided by 26.
23
Calculate the remainder when 6/4 - (-568)/16 is divided by 17/(((-4)/1)/(-4)).
3
Let l = -74 - 24. Let i = -47 - l. Suppose -p + r + 51 = 0, p - i = -r - 0*r. What is the remainder when p is divided by 13?
12
Calculate the remainder when (-2 + -8)/2 - (-2 - (7 - -45)) is divided by 14.
7
Let u(p) = p**3 + 18*p**2 - 37*p + 89. What is the remainder when 747 is divided by u(-20)?
22
Let x be (-16)/(-12)*(63/(-6))/(-7). Suppose x*t - 7*t = t. Suppose t = -4*i - 7*i + 297. What is the remainder when i is divided by 14?
13
Suppose 0 = -4*m - g - 51 + 333, -m - g = -72. Suppose -3*c + 3*r = 5*r - m, r - 46 = -2*c. Calculate the remainder when 85 is divided by c.
19
Suppose 110 = -4*l - 126. Let i = 65 + l. Suppose 3*g + g + 2*f = 14, -g + 5 = f. What is the remainder when i is divided by g?
0
Let n = 35 - 28. Let y be 1/n + (-48)/(-56). Let g(d) = 6*d**2 - 1. Calculate the remainder when 5 is divided by g(y).
0
Suppose -5*t + 4*m = -5159, -m + 13 = 14. Calculate the remainder when t is divided by 129.
128
Suppose 3*j - 4383 = -3*h, -h + 189 = -7*j - 1256. What is the remainder when h is divided by 247?
224
Suppose -1891 = -41*m + 364. Calculate the remainder when 195 is divided by m.
30
Calculate the remainder when (-2)/20*1 + (-2214)/(-540) + 2668 is divided by 27.
26
Let k be 54/30 + 2/10. Suppose 0 = -k*l - 2*l + 248. Suppose 3*s - l - 34 = 0. Calculate the remainder when s is divided by 17.
15
Let d be (-6)/(-8) - (-831)/12. Let k = d + 1. What is the remainder when k is divided by (-2266)/(-187) - 6/51?
11
Let d(n) = -n**3 + 4*n**2 + 6*n - 5. Let l be d(4). Suppose 175 = 24*q - l*q. Calculate the remainder when 313 is divided by q.
33
Let l(o) = 5*o - 4 + 1 + 6*o**2 + 8*o + 8*o**2 + 15. What is the remainder when 22 is divided by l(-1)?
9
Let t(r) = r + 62. What is the remainder when 159 is divided by t(-21)?
36
Let y = 4361 + -1229. Calculate the remainder when y is divided by 32.
28
Suppose 25*z - 357 = 1518. Calculate the remainder when 1723 is divided by z.
73
Let k = 63 + -66. Calculate the remainder when (30 - 1)/(48/(-18) - k) is divided by 31.
25
Let m(y) = 7*y**3 + 2*y**2 + y + 1. Let p be m(-1). What is the remainder when 389 is divided by p/2*(-3528)/630?
11
Let n(k) = -85*k - 11038. What is the remainder when n(-146) is divided by 81?
76
Let a(z) = -z**3 + 9*z**2 - 39*z + 14. Calculate the remainder when a(-10) is divided by 38.
24
Let j(b) = b**3 + 28*b**2 - 228*b - 2047. Let o = -2 + 1. Calculate the remainder when j(-33) is divided by (1/2)/(o/(-40)).
12
Let l = 171 - 169. Suppose 2*b + l*b + n - 37 = 0, 26 = 2*b + 2*n. What is the remainder when 13 is divided by b?
5
Let m = -541144 + 541167. What is the remainder when (-2)/(-4) + 343/2 is divided by m?
11
Suppose -6*v + 295 = -v. Let i be (0 + 18/12)*2. What is the remainder when v is divided by (i - (-19)/(-7)) + 136/14?
9
Suppose -44*g = -43*g + 5*l - 12, -3*g = 2*l - 10. Suppose -141 = -2*x - 3*x - 3*m, -g*m = 5*x - 139. What is the remainder when 375 is divided by x?
24
Let b(d) = -d**2 + 10*d + 3. Let q be b(8). Suppose -3*g + 11 + q = 0. What is the remainder when (-15)/25 - 2016/(-35) is divided by g?
7
Let v = 1897 + 1267. What is the remainder when v is divided by 25?
14
Suppose 3*i = -u + 179, -13*u = -12*u - i - 171. Let c = -135 + u. Calculate the remainder when c is divided by 3.
2
Let o be 8 - (-4)/(-2) - 357. Let t = o - -381. What is the remainder when 106 is divided by t?
16
Suppose 3*z - 919 = -6*z - 352. Calculate the remainder when 106 is divided by z.
43
Suppose 8*d = -588 - 1156. Let l = d + 337. Let p(q) = -9*q - 3. Calculate the remainder when l is divided by p(-2).
14
Calculate the remainder when -15*(-16 - (8 - 13)) is divided by (32/(-20))/((-2)/15).
9
Let p = 6112 + -6009. What is the remainder when p is divided by 25?
3
Let h(n) = 16 + 50 - n - 13*n - 3*n. Calculate the remainder when h(-22) is divided by 13.
11
Suppose a = -19*n + 15*n + 108, -30 = -n - a. Calculate the remainder when 126 is divided by n.
22
Suppose 5*n = 100*o - 102*o + 5339, 3*n - 3221 = o. Calculate the remainder when n is divided by 134.
133
Suppose -b - 140 = -6*b - 4*f, 5*f + 25 = 0. What is the remainder when 141 is divided by b?
13
Suppose 19*z - 16*z + 5*m = 166, 3*z - 2*m - 173 = 0. Calculate the remainder when 183 is divided by z.
12
Suppose 5*m = -3*m + 64. Let o(j) = -j + 4. Let v be o(m). Calculate the remainder when 15 is divided by (12/v)/(6/(-8)).
3
Let r = 7891 + -7413. What is the remainder when r is divided by 216?
46
Let l = 49 - 49. Suppose 37*s - 34*s - 234 = l. What is the remainder when 50 is divided by (((-50)/(-15))/5)/(4/s)?
11
Suppose 0 = -i - 4*i - 10, 988 = 3*t + 4*i. Let c(h) = -h**3 + 10*h**2 - 22*h + 1. What is the remainder when t is divided by c(5)?
12
Let x(m) = -m**3 + 24*m**2 - 26*m + 76. Let g(d) = -2*d**2 - 70*d + 23. Let b be g(-35). Calculate the remainder when 35 is divided by x(b).
0
Suppose -3*o = 5*k - 197, o - 10 - 179 = -5*k. Suppose 0 = -k*i + 39*i - 44. Calculate the remainder when 56 is divide